
-347a59b
In base 16, what is -51206 + -4e6?
-516ec
In base 11, what is 194338a1 + 4?
194338a5
In base 13, what is 62b7cb7 - 2?
62b7cb5
In base 11, what is -1865815a + 5?
-18658155
In base 11, what is -3733063 + -1?
-3733064
In base 14, what is -4a74db98 - -4?
-4a74db94
In base 11, what is -9 - 234435?
-234443
In base 4, what is 3 - -102230222002?
102230222011
In base 10, what is 91 + -938204?
-938113
In base 12, what is -4614 - a038?
-12650
In base 12, what is 9 - -628a34?
628a41
In base 16, what is 5 + -7130e2?
-7130dd
In base 8, what is -516644 + 36?
-516606
In base 4, what is 3110121 - 2330222?
113233
In base 12, what is -312 + 200bb?
1b9a9
In base 6, what is 5 + 13405043?
13405052
In base 5, what is 24133 + 11110?
40243
In base 3, what is 2101210001100 + 2?
2101210001102
In base 6, what is 1114140 - 325505?
344231
In base 2, what is 10110111101 + -10000011110?
110011111
In base 12, what is 419582 + 7?
419589
In base 5, what is 40 + -23221424032?
-23221423442
In base 5, what is -3032 - -204332?
201300
In base 11, what is -11 + -109a47?
-109a58
In base 4, what is -123323003202 + 1303?
-123323001233
In base 13, what is 2 + 4b45a705?
4b45a707
In base 7, what is 206320 - -4025?
213345
In base 3, what is 11001200101 - -20220?
11001221021
In base 4, what is -113330033001 + -23?
-113330033030
In base 6, what is -155345 + -2304?
-202053
In base 13, what is cc83 + 4?
cc87
In base 15, what is -2191 + -2579?
-471a
In base 6, what is -35300530 - 1012?
-35301542
In base 3, what is 2010001101011 - -2?
2010001101020
In base 8, what is 344 - 113465?
-113121
In base 5, what is 4133312 - 31?
4133231
In base 6, what is 4 - -10043233?
10043241
In base 9, what is 7472 + 8156?
16638
In base 11, what is 236686 + -48?
236639
In base 13, what is -2 + 2b1345a?
2b13458
In base 3, what is -1 + 1011210122010?
1011210122002
In base 6, what is 41154053 - 20?
41154033
In base 15, what is 5 + -7e88194?
-7e8818e
In base 16, what is 332f337 + 5?
332f33c
In base 4, what is 33133332 + 0?
33133332
In base 5, what is 220424 + -132230?
33144
In base 5, what is 1124431 - 2014101?
-334120
In base 6, what is 2014025 + -14542?
1555043
In base 14, what is 5 - 3a8301c?
-3a83017
In base 4, what is 1102013 + 1032?
1103111
In base 14, what is 1158 - 2607?
-148d
In base 8, what is 120 - -3674324?
3674444
In base 4, what is -2321222 + -2120031?
-11101313
In base 13, what is -21045 - 81?
-210c6
In base 16, what is -3ca + -1e3a?
-2204
In base 9, what is 1 + 465027660?
465027661
In base 2, what is 11001110011010000000000111 + -101?
11001110011010000000000010
In base 11, what is a082 + -1290?
88a2
In base 13, what is -3 + 5aa551a?
5aa5517
In base 2, what is 11101 - -11101011101100011111?
11101011101100111100
In base 2, what is -11011101110000101000111 + -11?
-11011101110000101001010
In base 12, what is -231b7873 + 1?
-231b7872
In base 7, what is -115425 - -3002?
-112423
In base 8, what is -7150 - 44406?
-53556
In base 6, what is -53043012 - 110?
-53043122
In base 2, what is -11010110 + -11110000011111?
-11110011110101
In base 8, what is -204562245 + -31?
-204562276
In base 4, what is 23122212313 - 33?
23122212220
In base 14, what is -c22 - 292?
-10b4
In base 12, what is -14a8 - 11a85?
-13371
In base 3, what is 11210022110 + 1110222?
11211210102
In base 14, what is -1606d8 + -13?
-16070b
In base 6, what is -143324344 + 12?
-143324332
In base 9, what is -5 + -5074502?
-5074507
In base 13, what is 41 + 3a2c90?
3a3001
In base 2, what is -101100111001 + -10000001100001100?
-10000111001000101
In base 3, what is -1100112 + -120001220?
-121102102
In base 2, what is 10110101 + -101010100110010011010?
-101010100101111100101
In base 9, what is -3 + 78476221?
78476217
In base 4, what is -11232213320 - 12?
-11232213332
In base 12, what is 300831 - 1?
300830
In base 13, what is -3c3b - -8359?
441b
In base 12, what is -109 + 113aa6?
113999
In base 4, what is -103103210 + 11103?
-103032101
In base 2, what is -1001 + 1001001111111110?
1001001111110101
In base 14, what is -17a967 + d?
-17a958
In base 12, what is 2a + -1775abb?
-1775a91
In base 4, what is 1321332010 + 1000?
1321333010
In base 9, what is -13 - 1118045?
-1118058
In base 3, what is 1101001111022112 + -1?
1101001111022111
In base 10, what is 30 - -3171904?
3171934
In base 7, what is 15 - -2521266?
2521314
In base 13, what is -c3 - -22b999?
22b8a6
In base 15, what is 52 - 2423d?
-241db
In base 8, what is 12 - 666503763?
-666503751
In base 2, what is -110010000100001 + 110111110111?
-101011000101010
In base 11, what is 15896 - -729?
16514
In base 2, what is 1010110 + 111011001101011?
111011011000001
In base 16, what is 910 + -4bbb?
-42ab
In base 14, what is 11 + -1c3655?
-1c3644
In base 12, what is -996 + -5b9?
-1393
In base 16, what is -10 + -4c1a0?
-4c1b0
In base 11, what is 5 + -4609168?
-4609163
In base 5, what is 2134 + 304431223?
304433412
In base 6, what is -352312 - 550?
-353302
In base 11, what is -16752662 + 40?
-16752622
In base 3, what is -11 + -111221200011101?
-111221200011112
In base 10, what is 1374 + -5780?
-4406
In base 14, what is 117a + -10b3?
a7
In base 4, what is 2100213 + 31000112?
33100331
In base 7, what is -6 - -22413552?
22413543
In base 11, what is 0 + 2138354?
2138354
In base 3, what is -12 - -11200022200222?
11200022200210
In base 7, what is -241240 + -4261?
-245531
In base 5, what is -24423 - -203031?
123103
In base 10, what is -3371 + 16814?
13443
In base 6, what is 10222 + -12431130?
-12420504
In base 12, what is 1 - -314231?
314232
In base 4, what is -10 + 3111302013221?
3111302013211
In base 9, what is -161303075 + 2?
-161303073
In base 5, what is 20321332 - 100444?
20220333
In base 10, what is -165854560 - 4?
-165854564
In base 15, what is -b - -1c7607?
1c75eb
In base 10, what is 32 + 3956288?
3956320
In base 15, what is -3 - -114aa9ee?
114aa9eb
In base 8, what is 25266701 - -5?
25266706
In base 5, what is 1402113 + 11110?
1413223
In base 5, what is 1340302 - -11402?
1402204
In base 8, what is 4 + 5243200?
5243204
In base 7, what is 6100654 - -32?
6101016
In base 12, what is 2943946 + -24?
2943922
In base 6, what is -30031 - 3242122?
-3312153
In base 11, what is -4445 + -8091?
-11526
In base 8, what is -324511435 - 4?
-324511441
In base 8, what is 2656 - 545351?
-542473
In base 7, what is 5 - -152610062?
152610100
In base 7, what is 30622 - 2503?
25116
In base 13, what is -1554a5 + 19b?
-155307
In base 13, what is 2bcbb5 - 5?
2bcbb0
In base 14, what is 28544908 + 4?
2854490c
In base 7, what is -6212404 + 301?
-6212103
In base 15, what is -2 + 2441897?
2441895
In base 3, what is -2 - 2111112222020121?
-2111112222020200
In base 2, what is -110100 - 1110111110100010101010?
-1110111110100011011110
In base 6, what is 50505550424 - 2?
50505550422
In base 16, what is -72115 - 17e?
-72293
In base 16, what is 167496 + -4?
167492
In base 4, what is -300102012211 + 1?
-300102012210
In base 3, what is 200111 + 200020000110?
200020200221
In base 13, what is 2257 - -ba9?
3133
In base 3, what is 20 - 20100002022202022?
-20100002022202002
In base 10, what is 16 + 4369373?
4369389
In base 13, what is -1c - 295c09?
-295c28
In base 5, what is -330201 - 22402?
-403103
In base 3, what is 221121012200 - -1?
221121012201
In base 2, what is -101 - -1110100111011111000111?
1110100111011111000010
In base 3, what is -12 - 10001220011020?
-10001220011102
In base 10, what is 4 - -1138282?
1138286
In base 7, what is 1105 + 54563?
56001
In base 11, what is -6713257 - -6?
-6713251
In base 8, what is 1751 - 3240?
-1267
In base 16, what is -1e12 - -688d?
4a7b
In base 5, what is -3 + 411023321314?
411023321311
In base 13, what is -11828 + 4c?
-117a9
In base 12, what is -a0884168 + 3?
-a0884165
In base 15, what is -16a9496c - 1?
-16a9496d
In base 2, what is -110111100111111101001011011 + 100?
-110111100111111101001010111
In base 2, what is -101 + 1110111110110111101000111101?
1110111110110111101000111000
In base 14, what is 2a98 + -194b4?
-1681a
In base 5, what is 104213 + 40102?
144320
In base 16, what is -1662 + -529?
-1b8b
In base 11, what is -1684563 + 47?
-1684517
In base 9, what is -2 + 55363601?
55363588
In base 7, what is 3 + 24303134?
24303140
In base 7, what is 555245 + 3366?
561644
In base 14, what is -1b2654 + -2?
-1b2656
In base 8, w